{"id":18,"date":"2020-11-10T16:47:26","date_gmt":"2020-11-10T15:47:26","guid":{"rendered":"http:\/\/www.edaforum.it\/wp-site\/?page_id=18"},"modified":"2024-03-17T15:00:04","modified_gmt":"2024-03-17T14:00:04","slug":"statuto","status":"publish","type":"page","link":"http:\/\/www.edaforum.it\/wp-site\/statuto\/","title":{"rendered":"Atto costitutivo &#8211; Statuto &#8211; Decreto di iscrizione al RUNTS"},"content":{"rendered":"\n\n\n<p><strong>ATTO COSTITUTIVO<\/strong><\/p>\n\n\n\n<p>Il forum Permanente per l&#8217;Educazione degli Adulti \u00e8 nato a Firenze in data 24 ottobre 2000 per decisione dei presenti al convegno tenutosi il 23-24 ottobre 2000 presso la Facolt\u00e0 di Scienze della Formazione dell&#8217;Universit\u00e0 degli studi di Firenze, che, sottoscrivendo un comune atto di volont\u00e0, hanno dato vita alla sua fase costituente.<\/p>\n\n\n\n<p>L&#8217;atto costitutivo di EDAFORUM \u00e8 del 14 febbraio 2001<\/p>\n\n\n\n<p><a href=\"http:\/\/www.edaforum.it\/wp-site\/wp-content\/uploads\/2023\/05\/2001-02-14-atto-costitutivo-EDAFORUM.pdf\" target=\"_blank\" rel=\"noreferrer noopener\">Atto costitutivo di Edaforum &#8211; 14-02-2001<\/a><\/p>\n\n\n\n<p><strong>STATUTO<\/strong><\/p>\n\n\n\n<p>Lo statuto di EdaForum &#8211; Forum permanente per l&#8217;educazione degli adulti &#8211; \u00e8 stato modificato e approvato dall&#8217;assemblea degli Associati in data 06 luglio 2023 &#8211;  Lo statuto deliberato \u00e8 stato registrato presso l&#8217;Agenzia delle Entrate di Castelnuovo Garfagnana (Lucca) il 25-07-2023 Atto n. 120 \u2013 Serie III.<\/p>\n\n\n\n<p><a href=\"http:\/\/www.edaforum.it\/wp-site\/wp-content\/uploads\/2023\/07\/statuto-deliberato-06-lug-2023-sito-web.pdf\" target=\"_blank\" rel=\"noreferrer noopener\">Statuto di EdaForum deliberato il 06-07-2023<\/a><\/p>\n\n\n\n<p><strong>DECRETO DI ISCRIZIONE AL RUNTS &#8211; Registro Unico Nazionale Terzo Settore<\/strong><\/p>\n\n\n\n<p>Edaforum \u00e8 iscritta al RUNTS \u2013\u00a0<a rel=\"noreferrer noopener\" href=\"https:\/\/servizi.lavoro.gov.it\/runts\/it-it\/\" target=\"_blank\">Regstro Unico Nazionale Terzo Settore<\/a>\u00a0\u2013 a far data dal 12 febbraio 2024.<\/p>\n\n\n\n<p><a rel=\"noreferrer noopener\" href=\"http:\/\/www.edaforum.it\/wp-site\/wp-content\/uploads\/2024\/03\/Decreto_n.2744_del_12-02-2024.pdf\" target=\"_blank\">Decreto_n.2744_del_12-02-2024<\/a><\/p>\n","protected":false},"excerpt":{"rendered":"<p>ATTO COSTITUTIVO Il forum Permanente per l&#8217;Educazione degli Adulti \u00e8 nato a Firenze in data 24 ottobre 2000 per decisione<\/p>\n","protected":false},"author":1,"featured_media":0,"parent":0,"menu_order":0,"comment_status":"closed","ping_status":"closed","template":"","meta":[],"_links":{"self":[{"href":"http:\/\/www.edaforum.it\/wp-site\/wp-json\/wp\/v2\/pages\/18"}],"collection":[{"href":"http:\/\/www.edaforum.it\/wp-site\/wp-json\/wp\/v2\/pages"}],"about":[{"href":"http:\/\/www.edaforum.it\/wp-site\/wp-json\/wp\/v2\/types\/page"}],"author":[{"embeddable":true,"href":"http:\/\/www.edaforum.it\/wp-site\/wp-json\/wp\/v2\/users\/1"}],"replies":[{"embeddable":true,"href":"http:\/\/www.edaforum.it\/wp-site\/wp-json\/wp\/v2\/comments?post=18"}],"version-history":[{"count":13,"href":"http:\/\/www.edaforum.it\/wp-site\/wp-json\/wp\/v2\/pages\/18\/revisions"}],"predecessor-version":[{"id":726,"href":"http:\/\/www.edaforum.it\/wp-site\/wp-json\/wp\/v2\/pages\/18\/revisions\/726"}],"wp:attachment":[{"href":"http:\/\/www.edaforum.it\/wp-site\/wp-json\/wp\/v2\/media?parent=18"}],"curies":[{"name":"wp","href":"https:\/\/api.w.org\/{rel}","templated":true}]}}

<p><strong>ATTO COSTITUTIVO</strong></p>



<p>Il forum Permanente per l&#8217;Educazione degli Adulti è nato a Firenze in data 24 ottobre 2000 per decisione dei presenti al convegno tenutosi il 23-24 ottobre 2000 presso la Facoltà di Scienze della Formazione dell&#8217;Università degli studi di Firenze, che, sottoscrivendo un comune atto di volontà, hanno dato vita alla sua fase costituente.</p>



<p>L&#8217;atto costitutivo di EDAFORUM è del 14 febbraio 2001</p>



<p><a href="http://www.edaforum.it/wp-site/wp-content/uploads/2023/05/2001-02-14-atto-costitutivo-EDAFORUM.pdf" target="_blank" rel="noreferrer noopener">Atto costitutivo di Edaforum &#8211; 14-02-2001</a></p>



<p><strong>STATUTO</strong></p>



<p>Lo statuto di EdaForum &#8211; Forum permanente per l&#8217;educazione degli adulti &#8211; è stato modificato e approvato dall&#8217;assemblea degli Associati in data 06 luglio 2023 &#8211;  Lo statuto deliberato è stato registrato presso l&#8217;Agenzia delle Entrate di Castelnuovo Garfagnana (Lucca) il 25-07-2023 Atto n. 120 – Serie III.</p>



<p><a href="http://www.edaforum.it/wp-site/wp-content/uploads/2023/07/statuto-deliberato-06-lug-2023-sito-web.pdf" target="_blank" rel="noreferrer noopener">Statuto di EdaForum deliberato il 06-07-2023</a></p>



<p><strong>DECRETO DI ISCRIZIONE AL RUNTS &#8211; Registro Unico Nazionale Terzo Settore</strong></p>



<p>Edaforum è iscritta al RUNTS – <a rel="noreferrer noopener" href="https://servizi.lavoro.gov.it/runts/it-it/" target="_blank">Regstro Unico Nazionale Terzo Settore</a> – a far data dal 12 febbraio 2024.</p>



<p><a rel="noreferrer noopener" href="http://www.edaforum.it/wp-site/wp-content/uploads/2024/03/Decreto_n.2744_del_12-02-2024.pdf" target="_blank">Decreto_n.2744_del_12-02-2024</a></p>

<p>ATTO COSTITUTIVO Il forum Permanente per l&#8217;Educazione degli Adulti è nato a Firenze in data 24 ottobre 2000 per decisione</p>
